
-30
Let s be (0 - 24)*(32 - 31). Let b = s - -19. Let k(l) = -4. Let o(n) = n + 8. Let r(j) = 5*k(j) + 3*o(j). What is r(b)?
-11
Let x(t) = 2*t - 7. Suppose 0*q = 2*l + q - 4, -4*l - q = -8. Suppose -l*a - 25 = 3*a. Give x(a).
-17
Let p(x) = -3*x - 5. Let t(z) = 5*z - 2. Let f(n) = p(n) - 2*t(n). Let v = 20 - 16. Suppose -3*c - v = 2. Give f(c).
25
Let l be (3 + -1 + -4)*-43 + -3. Let g = l - 84. Let x(o) = 6*o**2 + 3*o + 2. Let t be x(g). Let q(m) = -m**2 + 6*m - 1. Calculate q(t).
4
Let w(r) be the third derivative of -r**4/24 - r**3/3 - r**2. Let c be w(5). Let n(q) = 24 - 33 - 9*q - 181*q**2 + 180*q**2. What is n(c)?
5
Let x(y) = 6663 + 6660 - 13323 - 16*y. Give x(4).
-64
Let s(f) = f**3 - 4*f**2 - f + 2. Let t(a) = 5*a**3 - 22*a**2 - 32*a + 4. Let j(z) = 4*s(z) - t(z). Determine j(9).
13
Let p = -10831 + 10837. Let h(u) = 4*u**3 - 4*u**3 + 5*u + 7 - 7*u**2 + u**3. Calculate h(p).
1
Let l(n) = 3*n + 7. Suppose -46*u + 50*u - 1960 = 0. Let t = u - 494. What is l(t)?
-5
Let q(x) = -4*x**3 + 3*x**2 - 2*x - 1. Let c(y) = -y**3 + y**2 - y. Let w(t) = 3*c(t) - q(t). Let r be (-4)/(-12)*3*-2 - 64. Let i = 66 + r. What is w(i)?
1
Let j be (-142)/4*1220/(-43310). Let x(l) be the first derivative of -3*l**3 + l**2/2 - l + 1. Give x(j).
-9
Let x(n) = -10*n - 88. Let r be 20/3*((-46)/20 + (-64)/(-80)). What is x(r)?
12
Suppose 0 = 2*s - 5*q - 138, 0 = 3*s - 3*q - 207. Let j(x) = -163 + s + 81 + x. Give j(7).
-6
Let i(a) = 5*a**3 - 7*a**2 + 13*a - 2. Let n(h) = h**3 - h**2 - 1. Let p(j) = i(j) - 6*n(j). Calculate p(-4).
0
Let m(i) = -i**2 + 17*i + 6. Let u(r) = -122*r - 476. Let d be u(-4). Give m(d).
66
Let k(u) = 80*u**3 + u**2 - 2*u - 3. Let v(m) = -3*m**2 + 74*m + 159. Let s be v(-2). Calculate k(s).
-80
Let t(a) = 3 - 26 - 227657*a - 49 + 227664*a - 41. Give t(13).
-22
Let d(u) be the third derivative of u**5/60 - u**4/4 - 3*u**3 + 2*u**2 - 368. Calculate d(8).
-2
Let q be 10/95 + (-346)/38. Let r be -11 + -6 + (-2 - q). Let m(c) = c**2 + 10*c - 8. Calculate m(r).
-8
Let b(u) = u**2 + 4*u - 7. Suppose 4*h + 5*m = 108, 3*h - 3*m = -6 + 114. Let g(w) = -4*w**2 + 128*w - 5. Let k be g(h). Give b(k).
-2
Let u(a) = 57*a**2 - 5*a - 1. Let g be u(-1). Let l = -57 + g. Let x(k) = -2*k**2 - 4*k**3 + l*k**3 + 4*k**2 - k**3 - 1 + 3*k. Calculate x(2).
5
Let q(p) be the third derivative of -p**7/1680 - p**6/360 + 3*p**5/20 - 24*p**2 - 2. Let m(s) be the third derivative of q(s). Give m(5).
-17
Let y(m) be the second derivative of -61*m**3/6 + 3*m**2/2 + 4205*m. Determine y(1).
-58
Let h = 6453 - 6418. Let v(c) = 4*c - 139. Determine v(h).
1
Let s(w) = 2*w**2 - 1. Let a(r) = 2*r**3 - 10*r**2 - 3*r + 3. Let j = -637 - -632. Let i(p) = j*s(p) - a(p). Suppose 0 = -0*b - 4*b - 8. Determine i(b).
12
Let h(p) = -p**3 - p**2 + 2*p. Suppose 0 = -6*q + 23 + 31. Suppose 74*m - q = 77*m. Calculate h(m).
12
Let q(c) = 4*c**3 + 7*c**2 + 9*c + 10. Let n(l) = 3*l**3 + 7*l**2 + 10*l + 10. Let r(i) = -3*n(i) + 2*q(i). Determine r(-5).
0
Let b(j) = 5*j**2 - 2*j + 16. Let u be b(0). Suppose -5*n + 34 + 11 = 0. Suppose 61 = n*w + u. Let s(o) = -o**2 + 2*o. What is s(w)?
-15
Let q(g) = -g**3 - 10*g**2 + 10*g - 10. Let r be q(-11). Let n(t) = -3*t - 3 + 1 - r. Suppose -387 + 179 = 52*s. Determine n(s).
9
Let m be (6/4)/((-738)/(-492)). Let j(l) = l**2 - 3*l + 3. Determine j(m).
1
Let f(l) = 2*l + 4. Let x(u) = 5*u**2 + 7*u - 2. Let a be x(-2). Suppose 3*m = m + 4, a*o + m - 230 = 0. Suppose -3*y + 48 = o. Determine f(y).
-2
Let a(g) = -11*g**2 + 5*g - 11. Let w be a(2). Let p = w + 102. Let y(t) = -p*t**2 + 16*t**2 - t + 22*t**2. What is y(1)?
-20
Let l(m) = 9*m**2 - 8*m - 5. Let f(r) = -17*r**2 + 15*r + 9. Let n be ((-180)/5)/(-6)*1. Let q(t) = n*f(t) + 11*l(t). Calculate q(1).
-2
Let j(b) = 2 + b + 0*b + 6. Let l(d) = -d**3 - 28*d**2 - d - 9. Let r be l(-28). Suppose 0 = 4*t + 9 + r. Determine j(t).
1
Let w(i) = -i**3 + 4 - 3*i - 4 - 10*i**2 + 7*i**2 + 13 + 16*i**2. Determine w(13).
-26
Let x(b) = b**3 - 3*b**2 + 7*b + 10. Let v be (-18)/(-1890)*35 - ((-20)/(-3))/2. Determine x(v).
-65
Suppose -13*o = -16*o + 6. Let d(m) = -3*m - 10. Let x be d(-4). Let f(n) = n**2 - 5*n**x + n**o + 6*n**2. Determine f(-1).
3
Let o = -67 - -77. Let h be (27/15)/(6/o). Let v(r) = h + 0*r**2 + 2*r + 2*r**2 + 6*r**3 - 2*r**3. What is v(-2)?
-25
Let k(z) = 4 + 34 - 3 + 9*z + 15. Let h be k(-5). Let f(l) = -l**2 + 2*l - 6. Determine f(h).
-21
Let p(i) = 38*i + 17. Let k(l) = -44*l - 19. Let y(n) = -5*k(n) - 6*p(n). Determine y(-3).
17
Let m(q) = -q**3 + 24*q**2 + 49*q + 71. Let j be 22 + (-3 - (6 - -1)/(-10 + 9)). Determine m(j).
-7
Let u(x) = -8*x**2 + 751031 + 32*x - 751031 + 10*x**2. Give u(-16).
0
Let q(o) = -19*o + 46. Let j be q(3). Let a be 44/j*6/8. Let m(t) = 2*t**3 + 4*t**2 + 4*t - 1. Determine m(a).
-31
Let i(x) = x**3 + 20*x**2 + 20*x + 21. Let g be (-18)/1 + (1 - 2 - 0). Let w be i(g). Let u(p) = 168*p - 2 + 12*p**w + 1 - 169*p. Determine u(-1).
12
Let w(z) = -2*z**2 + 3. Suppose -2*l + 2 - 4 = -n, 6 = -3*l + 3*n. Let i be (l + -1)/(8/8). Let v(r) = 2*r + 5. Let q be v(i). Give w(q).
-15
Let x(y) = -y**2 + 22*y - 32 - 87 - 116 + 182. Calculate x(19).
4
Let a(l) = l - 2. Let c = 637 - 638. Let i(o) = -12*o + 6. Let r(v) = c*i(v) - 5*a(v). Calculate r(-6).
-38
Let a(w) be the second derivative of 9*w**5/40 + w**4/24 + 11*w**3/6 - 45*w. Let u(s) be the second derivative of a(s). Determine u(-1).
-26
Suppose -5*a = -t + 15, 10*a + 145 = 155. Let d(c) = 6*c - 113. Determine d(t).
7
Let p(n) = -n**2 - 3*n - 1. Suppose 2*q - 37 = -27, -3*q = 5*t + 5. Calculate p(t).
-5
Let q(t) = -t. Let g = -16 + 15. Let r(u) = -u + 2. Let n(k) = g*r(k) + 2*q(k). Let l be n(-4). Let d(a) = a. Determine d(l).
2
Let g be (83/(-166))/(1/(-24)). Let x(v) = 2*v**2 - 22*v - 19. Determine x(g).
5
Suppose 2*z - m - 8 = 2*m, -5*z + 31 = -2*m. Suppose 3*c = -z - 8, -4*c + 10 = n. Let y = n - 36. Let u(q) = -2*q - 9. Give u(y).
3
Let h(f) be the second derivative of f**4/6 + f**3/3 - 33*f + 2. What is h(2)?
12
Suppose 5*h - 34 - 151 = 5*g, h - 45 = -3*g. Suppose -69 + h = 3*q. Let v(w) = -w**2 - 11*w - 6. Calculate v(q).
4
Let t = -250 + 254. Let c(g) = -5 + 5*g**2 + 4 - 4. Let a(j) = -4*j**2 - j + 5. Let m(z) = 6*a(z) + 5*c(z). Determine m(t).
-3
Let m(b) = 4*b + 89. Let u = 4241 - 4261. What is m(u)?
9
Let v(n) = n**3 + 59*n**2 + 170*n + 118. Let w be v(-56). Let k(t) = 2*t + 21. Calculate k(w).
33
Let t = -47762 + 47763. Let p(r) = -73*r**2 - 3*r - 5. Let u(c) = -36*c**2 - 2*c - 3. Let w(s) = 3*p(s) - 5*u(s). What is w(t)?
-38
Let f(m) be the third derivative of -m**5/60 - m**4/2 - 5*m**3/6 - 12*m**2. Let c(n) = 15*n - 129. Let g be c(8). Calculate f(g).
22
Let q(c) = -5*c**2 + 10*c - 6. Let n be 18/2 - (18 + 12 - 25). Give q(n).
-46
Let c(k) = -13*k**2 + k + 10. Let i(f) = -4*f**2 + 3. Let n(a) = 2*c(a) - 7*i(a). Suppose 212*g - 34 - 118 = 60. What is n(g)?
3
Let w(a) = a**2 - a + 38. Let h(c) = c**2 + 18*c + 139. Let b(l) = h(l) - 4*w(l). Give b(7).
-6
Let l = 16 + -9. Let n(y) = -2*y + 10. Let g be n(l). Let x(c) = 96*c + 96*c + 4 - 288*c + 98*c. What is x(g)?
-4
Let j(h) = 4*h - 25. Let c(a) = 7*a - 51. Let u(z) = 3*c(z) - 5*j(z). Suppose b + 2*q = 27, -75 + 105 = 5*q. Determine u(b).
-13
Let o be (42 + -29 + -22)*(-1 - -2). Let t(b) = b. Let h(l) = 7*l + 11. Let v(m) = -h(m) + 3*t(m). Give v(o).
25
Suppose 4*d + 7 = k, d + 7*k + 13 = 5*k. Let m(f) = -5*f**3 - 7*f**2 + 10*f + 18. Let u(a) = 2*a**3 + 3*a**2 - 4*a - 8. Let g(c) = 3*m(c) + 7*u(c). Give g(d).
19
Let u = -231 - -244. Suppose -28 = -x - 5*z, -2*x - u = -3*x - 2*z. Let l(n) = -n**3 + n**2 + 3*n + 4. What is l(x)?
-5
Let a be (-4)/10 + (348/20 - 5). Suppose a*b - 6 = 9*b. Let q(z) = -3 - z**b - 12*z**2 + 12*z**2 - 7*z. What is q(-4)?
9
Let o be -3 + (0 - 1) + 1. Let s(u) = -u + 5. Let i = -128 + 127. Let c(t) = -2. Let p(z) = i*s(z) - c(z). Determine p(o).
-6
Let p(r) = -r**3 + 5*r**2 + 2*r + 7. Let u(l) = -l**2 + l + 187. Let m be u(14). What is p(m)?
17
Let d(c) = -2*c + 35690 - 35681 + 3*c + c**3. Give d(-3).
-21
Let s(h) be the first derivative of -h**4/2 - 10*h**3/3 - h**2/2 - 16*h + 5299. Calculate s(-5).
-11
Let n(b) be the second derivative of -b**3/6 - 5*b**2 + 23*b - 51. What is n(2)?
-12
Let r(z) be the first derivative of -29 - 3/2*z**2 - 